{"id":260,"date":"2025-12-01T02:55:38","date_gmt":"2025-12-01T08:55:38","guid":{"rendered":"https:\/\/haciendadeletras.directorio-comercial.com\/?product=el-greco"},"modified":"2025-12-01T02:55:39","modified_gmt":"2025-12-01T08:55:39","slug":"el-greco","status":"publish","type":"product","link":"https:\/\/haciendadeletras.directorio-comercial.com\/?product=el-greco","title":{"rendered":"El greco"},"content":{"rendered":"<p>Vista: Atractivo color purpura con limpio ribete viol\u00e1ceo.<br \/>\nOlfato: Cuerpo api\u00f1ado que se percibe f\u00e1cilmente con cuerpo medio.<br \/>\nGusto: Predomina un car\u00e1cter maduro de intensidad media.<br \/>\nUntuosa notas l\u00e1cticas que evolucionan a frutos como la ciruela negra y berries. Suave en boca, con un agradable sabor fresco y equilibrado.<br \/>\nRecomendaci\u00f3n de maridaje: Excelente compa\u00f1\u00eda de carnes magras, vegetales a la plancha y quesos espaciados y curados<\/p>\n","protected":false},"excerpt":{"rendered":"<p>Variedad: Gran Reserva Malbec<br \/>\nTipo: Vino de Mese Seco Tinto<br \/>\nGrado de alcohol: 12.5% Vol.<br \/>\nRegi\u00f3n: Aguascalientes<\/p>\n","protected":false},"featured_media":244,"comment_status":"closed","ping_status":"open","template":"","meta":{"_acf_changed":false},"product_brand":[],"product_cat":[19,22],"product_tag":[],"class_list":{"0":"post-260","1":"product","2":"type-product","3":"status-publish","4":"has-post-thumbnail","6":"product_cat-de-mesa","7":"product_cat-seco-tinto","9":"first","10":"instock","11":"purchasable","12":"product-type-simple"},"acf":[],"jetpack_sharing_enabled":true,"_links":{"self":[{"href":"https:\/\/haciendadeletras.directorio-comercial.com\/index.php?rest_route=\/wp\/v2\/product\/260","targetHints":{"allow":["GET"]}}],"collection":[{"href":"https:\/\/haciendadeletras.directorio-comercial.com\/index.php?rest_route=\/wp\/v2\/product"}],"about":[{"href":"https:\/\/haciendadeletras.directorio-comercial.com\/index.php?rest_route=\/wp\/v2\/types\/product"}],"replies":[{"embeddable":true,"href":"https:\/\/haciendadeletras.directorio-comercial.com\/index.php?rest_route=%2Fwp%2Fv2%2Fcomments&post=260"}],"wp:featuredmedia":[{"embeddable":true,"href":"https:\/\/haciendadeletras.directorio-comercial.com\/index.php?rest_route=\/wp\/v2\/media\/244"}],"wp:attachment":[{"href":"https:\/\/haciendadeletras.directorio-comercial.com\/index.php?rest_route=%2Fwp%2Fv2%2Fmedia&parent=260"}],"wp:term":[{"taxonomy":"product_brand","embeddable":true,"href":"https:\/\/haciendadeletras.directorio-comercial.com\/index.php?rest_route=%2Fwp%2Fv2%2Fproduct_brand&post=260"},{"taxonomy":"product_cat","embeddable":true,"href":"https:\/\/haciendadeletras.directorio-comercial.com\/index.php?rest_route=%2Fwp%2Fv2%2Fproduct_cat&post=260"},{"taxonomy":"product_tag","embeddable":true,"href":"https:\/\/haciendadeletras.directorio-comercial.com\/index.php?rest_route=%2Fwp%2Fv2%2Fproduct_tag&post=260"}],"curies":[{"name":"wp","href":"https:\/\/api.w.org\/{rel}","templated":true}]}}