{"id":258,"date":"2025-12-01T02:55:38","date_gmt":"2025-12-01T08:55:38","guid":{"rendered":"https:\/\/haciendadeletras.directorio-comercial.com\/?product=tres-mosqueteros"},"modified":"2025-12-01T02:55:39","modified_gmt":"2025-12-01T08:55:39","slug":"tres-mosqueteros","status":"publish","type":"product","link":"https:\/\/haciendadeletras.directorio-comercial.com\/?product=tres-mosqueteros","title":{"rendered":"Tres Mosqueteros"},"content":{"rendered":"<p>Vista: Tonalidades caoba, con cuerpo untuoso adquirido durante su proceso de crianza.<br \/>\nOlfato: Compleja composici\u00f3n de frutos rojos maduros, finas maderas europeas, regazo y cacao.<br \/>\nGusto: Car\u00e1cter fuerte, cuerpo seco y alto. Cuenta con estructurada tanicidad caracter\u00edstica del ensamble. Frutos rojos maduros y finas maderas.<br \/>\nRecomendaci\u00f3n de maridaje: Buen acompa\u00f1amiento para cortes finos de carnes rojas, platillos espaciados,quesos madurados y carnes fr\u00edas curadas.<\/p>\n","protected":false},"excerpt":{"rendered":"<p>Variedad: Reserva Malbec &#8211; Syrah &#8211; Merlot<br \/>\nTipo: Vino de Mesa Seco Tinto<br \/>\nGrado de alcohol: 12.5% Vol.<br \/>\nRegi\u00f3n: Aguascalientes<\/p>\n","protected":false},"featured_media":251,"comment_status":"closed","ping_status":"open","template":"","meta":{"_acf_changed":false},"product_brand":[],"product_cat":[19,22],"product_tag":[],"class_list":{"0":"post-258","1":"product","2":"type-product","3":"status-publish","4":"has-post-thumbnail","6":"product_cat-de-mesa","7":"product_cat-seco-tinto","9":"first","10":"instock","11":"purchasable","12":"product-type-simple"},"acf":[],"jetpack_sharing_enabled":true,"_links":{"self":[{"href":"https:\/\/haciendadeletras.directorio-comercial.com\/index.php?rest_route=\/wp\/v2\/product\/258","targetHints":{"allow":["GET"]}}],"collection":[{"href":"https:\/\/haciendadeletras.directorio-comercial.com\/index.php?rest_route=\/wp\/v2\/product"}],"about":[{"href":"https:\/\/haciendadeletras.directorio-comercial.com\/index.php?rest_route=\/wp\/v2\/types\/product"}],"replies":[{"embeddable":true,"href":"https:\/\/haciendadeletras.directorio-comercial.com\/index.php?rest_route=%2Fwp%2Fv2%2Fcomments&post=258"}],"wp:featuredmedia":[{"embeddable":true,"href":"https:\/\/haciendadeletras.directorio-comercial.com\/index.php?rest_route=\/wp\/v2\/media\/251"}],"wp:attachment":[{"href":"https:\/\/haciendadeletras.directorio-comercial.com\/index.php?rest_route=%2Fwp%2Fv2%2Fmedia&parent=258"}],"wp:term":[{"taxonomy":"product_brand","embeddable":true,"href":"https:\/\/haciendadeletras.directorio-comercial.com\/index.php?rest_route=%2Fwp%2Fv2%2Fproduct_brand&post=258"},{"taxonomy":"product_cat","embeddable":true,"href":"https:\/\/haciendadeletras.directorio-comercial.com\/index.php?rest_route=%2Fwp%2Fv2%2Fproduct_cat&post=258"},{"taxonomy":"product_tag","embeddable":true,"href":"https:\/\/haciendadeletras.directorio-comercial.com\/index.php?rest_route=%2Fwp%2Fv2%2Fproduct_tag&post=258"}],"curies":[{"name":"wp","href":"https:\/\/api.w.org\/{rel}","templated":true}]}}